it of ((-12)/v)/(i/20)?
8
Suppose 3*v = -3*p + 4*v - 13, -2*p = 2*v + 22. Let b(c) = 8*c**2 - 2*c + 12. What is the units digit of b(p)?
2
Suppose 72 = 8*q, 10*q - 13*q + 602 = 5*u. What is the units digit of u?
5
Suppose 11*w - 8536 = -0*w. Let v = -439 + w. Let z = v + -43. What is the hundreds digit of z?
2
Let c(m) = -m**3 - 37*m**2 - 34*m + 80. Let w be c(-36). Suppose -13*u = -w*u - 3435. What is the hundreds digit of u?
6
Let r = 114 + -102. What is the units digit of 2/(r/42)*(0 - -1)?
7
What is the thousands digit of ((-41777)/5)/((-76)/95) + (-1)/4?
0
Suppose 4*h - 3 = -19. Let c be h/((-1 - 0)/((-1)/(-2))). Suppose 56 = c*w - q, q = -w + 6*q + 28. What is the tens digit of w?
2
Let a = 3397 - -27285. What is the tens digit of a?
8
Let i = -77877 - -141209. What is the thousands digit of i?
3
Let k be 3*1/3 - -185. Suppose -22 - k = -4*a. Suppose 5*b = -4*y + a + 193, 2*y - 10 = 0. What is the units digit of b?
5
Suppose 54*x = 57*x - 75183. What is the tens digit of x?
6
Let d(j) = -80*j + 1. Let c be d(-2). Suppose 7*p + 0*p = -c. Let i = p - -77. What is the units digit of i?
4
What is the ten thousands digit of 76449 + 203/58*16/(-28)?
7
Let s(u) = 4*u + 35. Suppose 3*j - 58 = -2*r, 3*j + 5*r - 61 = 12. Let h be s(j). Let x = 38 + h. What is the units digit of x?
7
Let k(c) = 3*c - 20. Let y be k(11). Let f be 2/(-3)*y*36/(-8). Let r = 87 - f. What is the tens digit of r?
4
Let f(w) = w**2 + 12*w - 6. Let s be f(-12). Let q(g) = -4*g - 21. Let x be q(s). Suppose -552 = -5*r - x*r. What is the tens digit of r?
6
Let i = 176 - 172. Suppose -i*k + 2230 + 314 = 0. What is the tens digit of k?
3
Let p(a) = 508*a**2 + 34*a - 45. What is the units digit of p(2)?
5
Suppose 5*m - 3*r + 443 = 0, 5*m + 8 = 4*r - 436. Let b = -1670 + 1783. Let q = b + m. What is the units digit of q?
5
Let d(f) = 2*f + 12. Let b be d(-20). What is the tens digit of b/(-21) - 1463/(-3)?
8
Let i(o) = 3*o**2 + 29*o - 4. Let y(w) = -2*w**2 - 29*w + 3. Let d(x) = -3*i(x) - 4*y(x). What is the tens digit of d(16)?
0
Suppose -x - 2*u = -9884 - 2850, 3*u = -x + 12733. What is the thousands digit of x?
2
Let s(j) = 4*j**2 + 241*j + 161. What is the thousands digit of s(-64)?
1
Suppose 47325 = 9*l + 9453. Suppose 13*x - 2162 - l = 0. What is the tens digit of x?
9
Suppose -2893 = -m + 1074. What is the thousands digit of m?
3
Let j = -449 - -452. Suppose -c + 176 = -2*g + 3*g, -j*g = 15. What is the hundreds digit of c?
1
Let a be (-2)/(-8)*(-20)/(-15)*-15. What is the tens digit of ((-669)/a + -1)/((-2)/(-5))?
3
What is the ten thousands digit of ((-25)/(150/177252))/((-4)/8*4)?
1
Suppose -74*a = -70*a - 2*p + 20, 3*a + 1 = 5*p. Let i(h) = 32 + 2*h - 4 + 8. What is the units digit of i(a)?
2
What is the tens digit of (118/6 - -1)*(-33 + 843)?
4
Let g(u) = 418*u + 1914. What is the hundreds digit of g(41)?
0
Suppose -4*i - 10453 = -5*i + 2*y, 4*i = -5*y + 41747. What is the hundreds digit of i?
4
Let d be (1/3)/(2/18 - 0). Suppose 593 = -d*g + 941. What is the units digit of g?
6
Let m be ((-5 + 10)/(-5))/(2/(-6)). Suppose -m*x + 12 = -486. What is the tens digit of x?
6
Suppose 0 = 44*v - 45*v + 80*v - 1809811. What is the tens digit of v?
0
What is the hundreds digit of (-4)/(-10) - (2 - 49808/80)?
6
Suppose -549 + 85 = -8*u. Suppose 0 = u*p - 71*p + 5395. What is the hundreds digit of p?
4
Let a(k) = 17*k**2 + 31*k - 9. What is the thousands digit of a(-25)?
9
Let q(n) = -n**3 - 14*n**2 + 2. Let a be q(-14). Let g be a/4*(-14 - 4). Let l = g - -17. What is the units digit of l?
8
Let a = 33 - 19. Let c = a - 4. Let g = 38 - c. What is the units digit of g?
8
Let s = 91286 - 49842. What is the thousands digit of s?
1
Suppose 38*w - 37*w + 5 = 0. Let a be 1/(-4)*380/w. What is the hundreds digit of (a - 22)*(340/(-6) - 0)?
1
Let b(p) = -8 - p**3 + 18 + 5*p + 0*p**2 - 3*p**2 + 2*p**2. Let v be b(-4). Let s = v - -2. What is the tens digit of s?
4
Suppose 0 = 3*r - a - 27571, 21885 = 3*r - 3*a - 5688. What is the thousands digit of r?
9
Let o(l) = -16 - 13*l + 9 - 17. Let h be o(-10). Let y = h + -40. What is the tens digit of y?
6
Suppose 3*j - 122256 = 127*a - 132*a, 2*a - 2*j - 48912 = 0. What is the units digit of a?
3
Let b(o) = o**2 + 11*o. Let g be b(-11). Suppose 4*d - 3*j - 1213 = 0, g*j + 3*j = -d + 307. What is the tens digit of d?
0
Let l(h) = h**3 + 26*h**2 + h - 19. Let k be l(-21). Suppose 329 - k = -6*m. What is the tens digit of m?
0
Let i = 211 + -208. Suppose 4 = 2*g, 44*l + 4269 = 49*l - i*g. What is the units digit of l?
5
Let f = -886 + 2337. What is the hundreds digit of f?
4
Suppose 0 = 8*f - 7*f - 68. Suppose -f + 413 = 3*c. What is the hundreds digit of c?
1
Let x = 699 + -190. Suppose 5*z + x = 1499. What is the hundreds digit of z?
1
Let q = 54 + -51. Suppose q*o = -o + 72. Suppose 0 = 3*w - 3, 3*k + 5*w - 185 = -o. What is the tens digit of k?
5
Suppose -4*h - 2*q = -2*h - 26, h - 2*q - 1 = 0. Let l be ((-344)/6)/((24/h)/(-4)). Let p = l + 20. What is the units digit of p?
6
Let q = -187 + 292. Let o be ((-90)/q)/(2 - 62/28). Suppose -4*u - 5*t = -42, 2*u - o*t = 8 + 26. What is the tens digit of u?
1
Suppose a + 8 = 2*u, 5*a = -u - 0*a - 7. Suppose p + 275 = -2*c, -p - 101 = u*c + 177. Let b = 427 + p. What is the tens digit of b?
5
Suppose -k + 8111 = 4*n, 62*n - 24367 = -3*k + 67*n. What is the hundreds digit of k?
1
What is the thousands digit of 72/(-33) + 2 + (-3437718)/(-957)?
3
Let u be -68*((-3 - -5) + -3). Suppose -62*t = -u*t + 3462. What is the units digit of t?
7
Suppose 4305 + 30687 = 16*m. Suppose f - 12 = -4*v + 710, 0 = 3*f + 5*v - m. What is the tens digit of f?
3
Let w(r) = -3*r**2 + 313*r + 174. What is the hundreds digit of w(38)?
7
Let d = -880 - 1512. What is the units digit of d/(-13) - (-2 - 1)?
7
Suppose k - 7256 - 3656 = 5*l, -4*l = -3*k + 32747. What is the tens digit of k?
1
Suppose -22*u + 23*u + 21977 = i, -i + 3*u + 21989 = 0. What is the hundreds digit of i?
9
Let d be 3/4 + 68*3/48. Suppose 4*z = -s + 535, d*z + 5*s - 620 = 45. What is the units digit of z?
4
Let c(d) = 21*d + 1707. What is the tens digit of c(-73)?
7
Suppose 93866 + 76252 + 80720 = 46*f. What is the units digit of f?
3
Let x = -430 - -1588. What is the units digit of x?
8
Let b(t) = t**2 - 24*t - 11. Let l be b(25). What is the units digit of (-6)/(-3)*1323/l?
9
Let a = -17184 + 41614. What is the ten thousands digit of a?
2
Suppose -3*c - r + 20215 = 0, 6720 = -70*c + 71*c + 4*r. What is the hundreds digit of c?
7
Suppose -2*t + 3 = 5*l - 18, -2*t + 3*l = 3. Let q = t - 0. What is the units digit of 61 + (q + 2 - 4)?
2
Let d(o) = -2*o**2 - 7*o - 6. Suppose -11 = 4*m + i - 0, 5*m + 7 = i. Let s be d(m). Suppose 2*a - 7 + 3 = s. What is the units digit of a?
2
Suppose 10*o - 12645 = 2975. Suppose t - 5*t = r - o, -2*r = t - 3159. What is the thousands digit of r?
1
Let m(c) = -7*c - 4. Let k be m(6). Let h(f) = -17*f + 261. Let u be h(21). Let b = k - u. What is the tens digit of b?
5
Let w(i) be the first derivative of i**4/4 + 13*i**3/3 - 2*i**2 + 17*i + 176. What is the hundreds digit of w(-12)?
2
Suppose 2*w = -2*p + 12524, 2*p - 6256 = p - 4*w. Suppose -p = -5*q - 24*q. What is the units digit of q?
6
Let c(u) = -u**2 - 16*u + 18. Let f be c(-21). Let o = f + 130. What is the tens digit of o?
4
Let m(w) = -w**2 - 2*w + 1. Let g(z) = -54*z**2 + 9*z - 7. Let r(n) = -g(n) - 4*m(n). What is the units digit of r(-2)?
7
Suppose 5*x = x - 48. What is the units digit of (-839)/((-12)/x*(2 + -3))?
9
Let y be (1/(-3))/(9/297). Let s(j) = 3*j**2 + 22*j + 31. What is the hundreds digit of s(y)?
1
Let u = -391 + 396. Suppose 4*n - 2*o - 418 = 0, -n + 2*o - 414 = -u*n. What is the units digit of n?
4
Let v = -31022 - -68766. What is the tens digit of v?
4
Let x(n) = -n**3 - 8*n**2 - 7*n + 5. Let s be x(-7). Suppose -s*f = -10*f + 60. Let y(i) = i**3 - 12*i**2 + 2*i + 10. What is the units digit of y(f)?
4
Let c(b) be the first derivative of 2*b**3/3 + 7*b**2 + 5*b + 37. Suppose -s - 10 - 1 = 0. What is the units digit of c(s)?
3
Let c = 156 + -151. Suppose -c*m + 146 = s, 5*s + m + 4*m = 650. What is the hundreds digit of s?
1
Let t(i) = 49*i**2 - 44*i - 496. What is the thousands digit of t(-9)?
3
Suppose -3*l = -2*l - 3*p - 198, -942 = -5*l +